s digit of c(h)?
2
Let s(h) = h**2 - h - 7. Suppose -25 - 10 = 7*w. What is the tens digit of s(w)?
2
Let d(q) = q**2 + 11*q + 31. What is the units digit of d(10)?
1
Let m(o) = -o**3 + 7*o**2 - 4*o + 1. Let c be m(3). Let a = c + -14. What is the tens digit of a?
1
Let q(o) = 4*o**2 + 5*o + 7. What is the tens digit of q(-3)?
2
Let f = -55 - -77. Suppose o + f = 3*o. What is the tens digit of o?
1
Let i = 18 + 62. What is the units digit of i?
0
Let f(g) be the first derivative of g**6/180 - g**5/40 - g**4/6 + 2*g**3/3 - 2. Let v(r) be the third derivative of f(r). What is the units digit of v(3)?
5
What is the tens digit of (-1)/((-1)/269) - 200/100?
6
Let m(b) = b - 3. Let s be m(4). Suppose -5*q + 12 + 8 = 0. Suppose w + t = -t + 7, q*w = t + s. What is the units digit of w?
1
Suppose 0 = -5*u + 1 + 4, -3*u = 5*c - 18. Suppose -4*s + 3*m + 1 - 5 = 0, 0 = c*s + 4*m + 28. What is the units digit of (-6)/s*(-8)/(-2)?
6
Let y(x) = -x**3 - 29*x**2 + 27*x - 16. What is the tens digit of y(-30)?
7
Suppose 5*a + u = -4*u + 90, -2*a + 24 = -2*u. What is the units digit of a?
5
Let l = -2 - 0. What is the tens digit of 11/((4/(-2))/l)?
1
Let g(i) = i**3 - 5*i**2 - 4*i. Let t be g(4). Let l = t + 50. What is the units digit of l?
8
Let h be 1*2/((-4)/(-26)). Suppose -z + 2*x - 3 = -0*x, -3*z - 5*x = -h. What is the units digit of z?
1
Suppose 0 = 13*x - 18*x + 1205. What is the tens digit of x?
4
Let b = -251 + 559. What is the tens digit of b?
0
What is the units digit of 105 + 4 - -4 - -2?
5
Suppose 5*v - 3*t - 111 = 0, -171 = -5*v - t - 48. What is the units digit of v?
4
Let z = 6 - -3. Let r = z - 5. What is the units digit of ((-7)/r - -3)*8?
0
Suppose 0 = -3*q + 220 - 13. Let d = q - 24. Suppose v = 6*v - d. What is the units digit of v?
9
Let i(d) = 12*d**2 - 2*d - 2. Let j be i(-2). Suppose -4*k = k - j. What is the units digit of (-24)/k*50/(-15)?
8
Let u(y) = -2*y - 2. Let c(i) = i. Let w(p) = -5*c(p) + u(p). Suppose 0 = -3*t - 2*h - 19, 0*h = 4*t - h + 7. What is the tens digit of w(t)?
1
Suppose -6*h = h - 56. What is the units digit of h?
8
Let j = -2 + 2. Let f be 1 + (2 + j - 1). Suppose c + 7*v - f*v = -5, 3*v = -3*c + 9. What is the units digit of c?
5
Suppose 1 = -3*y + 16. Suppose -y = -4*a + 59. What is the units digit of a?
6
Suppose -2*y + 4*y = 0. Suppose 0 = -o - 3*q + 15, 5*o - 2*q - q - 111 = y. Suppose 3*l = -0*l + o. What is the units digit of l?
7
Suppose 4*m - 4416 = -8*m. What is the tens digit of m?
6
Let j(g) = -g + 40. Let h be j(0). Suppose 5*d + 0*d = h. What is the units digit of d?
8
What is the units digit of 19 + (-2)/(-4)*6?
2
Let v(x) = -x**3 - 6*x**2 + 3*x - 7. What is the tens digit of v(-7)?
2
Suppose r = -2, -118 = -l + 4*r - 6*r. What is the tens digit of (-3)/12 - l/(-8)?
1
What is the units digit of (-52)/2*(-3)/2?
9
Let d(v) = v + 4. Let w be d(-7). Let q be -2 - w*4/2. Suppose -2*y = -5*y + 3*a + 42, -5*a = -q*y + 57. What is the tens digit of y?
1
Suppose 16 = -4*b + 3*d, -20 + 4 = -4*b - 5*d. Let l be b/(-1) - (-35 + 0). Suppose 0 = 4*s - m - l, -m + 2*m + 4 = 0. What is the units digit of s?
8
Let r(s) = s - 5. Let h = 6 - 0. What is the units digit of r(h)?
1
Suppose 9*r - 4*r - 300 = 0. Suppose -h = 5*d - r, -d = -2*d - 4*h - 7. What is the tens digit of d?
1
Suppose -3*c - 3 = -12. Let y(s) be the second derivative of s**3/6 - s**2/2 + s. What is the units digit of y(c)?
2
Let u(n) = -13*n + 41. Let z(i) = 9*i - 27. Let h(b) = 5*u(b) + 7*z(b). What is the units digit of h(-14)?
4
Suppose -2*k - 2*j = -0*j - 32, k - 2*j - 25 = 0. Let p be k/(-7) - 2/7. What is the units digit of -3*1/(p/6)?
6
Let d(c) be the second derivative of -c**5/20 + 5*c**4/12 - c**3/6 - 2*c**2 - c. What is the units digit of d(3)?
1
Let c be (-6)/8 + 17/(-4). Let m = 0 - c. What is the units digit of m?
5
Let p(i) = -i**3 + 12*i**2 + 10*i + 5. Let g be p(12). Suppose -4*q + g = q. What is the tens digit of q?
2
Suppose 0 = -4*j + 9*j - 745. Suppose -h + j = 5*q, 4*q = 2*q - 3*h + 70. What is the tens digit of q?
2
Suppose -3*s = m + 13 - 67, -3*m = 4*s - 157. Suppose m = -3*a + 6*a. What is the units digit of a?
7
Let b(a) = 15*a - 3. Let g be (-2 - (1 + -1))*-1. What is the tens digit of b(g)?
2
Let j(z) = -17*z**3 + 9*z**2 - 2. Let a(f) = 9*f**3 - 5*f**2 + 1. Let u(h) = 7*a(h) + 4*j(h). What is the units digit of u(-1)?
5
Suppose 6*b + 5 = b, -5*r = -4*b - 764. What is the hundreds digit of r?
1
Suppose -2 = 4*j - 2*f, 0 = 2*f - 3*f - 5. Let o = 6 + j. Suppose o*n = -t - 8, -n + 7 = 3*t - 1. What is the units digit of t?
4
Let c(m) = 2*m. Let h be c(6). What is the units digit of 94/5 + h/60?
9
Suppose -z + 17 = -4*w + 7*w, -4*z - w + 112 = 0. What is the units digit of z?
9
What is the hundreds digit of 1*(-3)/(-9)*(0 + 438)?
1
Suppose 4*p = -4*o - 440 + 1704, -3*o = -5*p - 924. What is the tens digit of o?
1
Let n be 0/2*(-1 - 0). Suppose -3*d - 2*d = n. Suppose 9 + d = 3*q. What is the units digit of q?
3
Let l(s) = -1 - 7*s - s**2 + 9 + 2*s + 0*s. Let a be l(-6). What is the units digit of a/(-8) + (-260)/(-16)?
6
Let h = -8 + 9. What is the units digit of h?
1
Let y(f) = f**3 + f**2 - f + 5. Let b be y(0). Suppose -3*p + 1 = j - 3, -b*p - 20 = -5*j. What is the units digit of j?
4
Suppose 16 = -2*x + 2. Let r = x - -8. What is the units digit of r?
1
Let n(s) = -2*s + 18. What is the tens digit of n(-10)?
3
Let h(w) = w**3 + 11*w**2 + 8*w + 8. Let q be h(-10). Let t = q + -17. What is the tens digit of t?
1
Let d(r) = 2*r**2 + r - 4. Let f be d(4). Let y = f - 17. What is the units digit of y?
5
Suppose -16 = -3*d + 3*b + 11, 0 = -5*d + 4*b + 42. Suppose 4*i = -2*o + 34, d*i - i = o + 11. What is the units digit of o?
9
Suppose -l - 3 = -11. What is the units digit of l?
8
Let v be (-124)/20 + (-1)/(-5). Let b = 19 - v. What is the units digit of b?
5
Let m = 52 + -76. Let c = m + 35. What is the units digit of c?
1
Let a(y) = -9*y + 18. What is the tens digit of a(-10)?
0
Let r = -31 - -91. What is the units digit of r?
0
Let w(z) = 5*z**2 - z. Let s = 7 + -6. What is the units digit of w(s)?
4
Let y = 63 + -44. What is the units digit of y?
9
Suppose -l + 15 = 4*l. What is the units digit of l?
3
Let o be (-1)/4 - (-9)/4. Suppose -r = -o*t + 2*r - 4, 6 = -4*t + 5*r. What is the units digit of t?
1
Let f = -40 - -60. Suppose f = 6*i - 4*i. What is the units digit of i?
0
Suppose 0 = -2*i - 3*i. Suppose i*j - 4*j - 5*n = -71, -4*n - 4 = 0. What is the units digit of j?
9
What is the units digit of 0 - (-49 + -3 + -1)?
3
Let c be (2/3)/((-4)/(-18)). Suppose -4*b - b + 55 = -5*m, 0 = -b - c*m + 23. What is the tens digit of b?
1
Let m(k) = -k**2 - k. Let o(z) = 10*z**2 + 3*z - 1. Let f(d) = 3*m(d) + o(d). Let w be f(1). What is the units digit of w*((-1 - -2) + 0)?
6
Let p(m) = -m**2 - 2. Let g be p(2). Let j be (-3)/g - (-18)/(-4). Let i(x) = -2*x. What is the units digit of i(j)?
8
Let v(h) = h**3 + 8*h**2 - h - 8. Let w be v(-8). Suppose w = -2*k + 5*y + 31, 3*k + 10 = -4*y + 45. What is the units digit of k?
3
Let u = -6 - -4. Let w be (-1)/(u*(-2)/(-12)). What is the units digit of 1/((-2)/(-6)*w)?
1
Let o(m) be the second derivative of m**5/60 + m**4/12 - m**3/6 + m**2 + m. Let d(q) be the first derivative of o(q). What is the units digit of d(-3)?
2
Let y(b) = b + 5. Let c be y(14). Let d = c + -8. What is the tens digit of d?
1
Let z(u) = 2*u - 3. Let w be z(2). Let o = w + 1. Suppose o*x - 4*x = -16. What is the units digit of x?
8
What is the units digit of (-1)/(3/3)*(-2 - 2)?
4
Let j(w) = 9*w**2 + 5*w - 2. What is the units digit of j(3)?
4
Suppose u = p + 12, -32 = -3*u + 2*p - 0*p. What is the units digit of u?
8
What is the tens digit of (-2 - -238) + 10/2?
4
Let f(r) = r**2 - 5*r - 5. Suppose 13 = w + 6. What is the units digit of f(w)?
9
Let h = 9 + -5. Suppose 6 - 66 = h*v. Let o = v + 22. What is the units digit of o?
7
What is the tens digit of (0 - 0/(-1)) + 21?
2
Let x(o) = 6*o**2 - 2*o - 8. Let i(w) = -11*w**2 + 4*w + 15. Let z(t) = -4*i(t) - 7*x(t). What is the units digit of z(-3)?
0
Suppose 2*q = c - 0*c + 5, -c + 10 = 3*q. Suppose 4*x + x = -20, -q*m - x = -65. What is the units digit of m?
3
Let x = 59 - 35. What is the units digit of x - ((3 - 2) + 2)?
1
Let b be (-1 + 7)/(1 + -2). 